1) + -9 + 47 + -36?
0
Calculate 3 + (0 - -4) + -4 + 6.
9
Calculate -10 + (4 - 1) - (-26 - -24).
-5
Evaluate -13 - -13 - 15 - -16.
1
What is the value of -3 + 0 - (54 + -60 - (2 - -3))?
8
What is the value of 4 + (-9 - 1) - (3 + 4)?
-13
Evaluate 13 - -7 - (-16 - -47).
-11
What is 8 - (48 - 41 - (-8 + 2))?
-5
What is (-26 - -22) + (-2 - 17) + (2 - 3)?
-24
What is (0 - -10) + (2 - 9)?
3
Evaluate 5 - (0 + (0 + 8 - 13 - -10)).
0
Evaluate 15 + -3 - 3 - 9 - (24 + -2).
-22
4 + (1 + -11 + -12 + 18 - -3)
3
What is the value of -9 + -4 + (-12 - -33)?
8
What is (-10 - -7) + (-2 - 1 - (-4 + 15))?
-17
(-168 - -161) + -1 + 1 - 16
-23
Calculate 9 + 0 - ((25 - (2 - -14)) + -1).
1
Evaluate 7 + (20 - (24 + -8)).
11
Evaluate -8 + (-71 - -68 - (1 - 5)) - -42.
35
Evaluate (24 - (17 - (20 + -11))) + 0 + -5.
11
Evaluate (4 - (-8 - 0)) + -1 + -5 + -4.
2
What is -17 - (-1 + -7 - (-44 - -62))?
9
Evaluate ((-6 - -12) + -15 - -6) + -8 + 4.
-7
Evaluate 6 + 12 + (-14 - -27) - 8.
23
What is 79 + -89 - (4 - (-4 + 9) - 16)?
7
What is the value of -11 + 6 + 2 + 4 + 4 - 15?
-10
(3 - ((11 - 4) + 7 + -14)) + 5
8
Evaluate (8 + -7 - -1) + 5 + (-3 - -1).
5
What is the value of 14 + (-9 - -2) + -1 + 8?
14
(-9 - (-26 + 0 + 8)) + (7 - 0)
16
What is the value of -13 - (-13 - (10 - 9)) - 15?
-14
What is the value of (-2 - 0) + (-41 - -45) + 7?
9
What is 214 + -218 + (9 - 1)?
4
What is -20 + (20 - -2) + 10?
12
What is the value of -13 + 12 + (8 - 25) + 12?
-6
What is the value of -1 + 12 + -46 + 27?
-8
What is the value of 13 + (-4 - 9) + 6?
6
What is the value of (15 - -2) + (949 - 985)?
-19
Calculate -13 - -18 - (-1 - -5).
1
What is the value of 3 + -12 - (22 - 48)?
17
What is the value of -13 + 7 - (12 - (-5 + (-7 - -33)))?
3
2 + 2 + 8 + -11 - (0 + 1)
0
Evaluate -9 - (10 + -1 + -8).
-10
What is 3 + 1 + (46 + -51 - 2)?
-3
What is the value of (13 - 8) + (-4 - -1) + -7 - 6?
-11
15 + (-11 - -9 - 5)
8
Evaluate -11 + (-5 - -19) + 10.
13
Calculate -45 + 11 + 1 + 2 + 0 + 3.
-28
Evaluate (-19 - (20 + -27)) + -6.
-18
What is the value of 6 + 2 - (23 + -13 + -9)?
7
What is (-433 - -437) + -2 + -18?
-16
Calculate -11 - ((-22 - -11) + 11) - -25.
14
What is the value of -10 - (6 + (-17 - -3) - -11) - -1?
-12
What is the value of (-1 - -2) + (-18 + 10 - 6) + 9?
-4
Evaluate (20 - 1 - (16 + -17 + 6)) + 7.
21
(-2 - -4 - 12) + -56 + (-48 - -103)
-11
Calculate (3 - (6 + -25 - -8 - -13)) + 11.
12
What is 139 + -173 + 0 + 47?
13
What is 6 - (5 + 4 + 2) - (8 + -1)?
-12
Evaluate -12 + 1 - (-18 + (29 - (0 - -18))).
-4
What is the value of 33 + -2 + (351 - 356)?
26
Calculate 11 - (-14 - (-45 + 10)).
-10
What is -1 + -19 - (-257 + 254)?
-17
Calculate 0 + 0 + (100 - 98) + -10.
-8
Calculate 7 + (13 + -2 - (-3 - (-1 + 0))).
20
-5 + (-1 - 0) - (-42 - (-43 - 1))
-8
-25 + 16 + 42 + -22 - (44 + 1)
-34
Calculate -170 + 156 + (0 - -13).
-1
-27 + (-18 - -1) + 37
-7
-6 - (16 + 6 + -1 + 0 + -6)
-21
30 - (-1 - -15) - 10
6
Evaluate -18 - 2 - (-32 + 12).
0
(3 - -5) + (-4 - -15) + 4
23
Evaluate -1 - (-3 + (-1 - 3) - (10 - 9)).
7
What is -16 - (-5 - 15) - -6?
10
Evaluate (-2 - (-12 + 6)) + -20 - 12.
-28
What is -103 + 100 + (-1 - -6) - (0 - 3)?
5
What is the value of -471 - -459 - (-22 + -1)?
11
What is the value of (-13 + 3 - -19) + 13 + -43?
-21
Calculate 50 + -10 + (-12 - 9).
19
What is the value of 9 - 10 - (-6 + 18)?
-13
What is 3 + (-5 - 3) + 3 - -8?
6
-11 + 7 + -3 + 4 - 1
-4
Calculate -6 + (-1 - (20 + -6)).
-21
Evaluate -14 - -3 - 0 - (-254 + 221).
22
Evaluate (0 - 0) + 19 + -28 + 26 + -33.
-16
Evaluate 2 + -32 + 41 + -24.
-13
What is 4 + -1 + 9 + -13 + (16 - 9)?
6
What is the value of 9 + 0 + 5 - 2 - 7?
5
(-19 - 5) + 3 + 34
13
What is (-4 + -5 + 10 - -14 - 5) + 0?
10
What is 10 + 20 + -88 + 38?
-20
Calculate (-1 - 18 - (-6 + 4)) + 7.
-10
What is the value of -1 - (-8 + -2 + 5 + 2 - 3)?
5
What is the value of -9 + 1 + 29 + (-88 - -39)?
-28
Evaluate -486 - -479 - (12 - 0).
-19
What is the value of (-1 - -23) + -10 - 17?
-5
Calculate 9 + (-2 - -10 - (-2 - -9)).
10
Evaluate -1 + -5 - (-46 - 11 - -54).
-3
Calculate 6 + -42 + (4 - 4) - (19 + -27).
-28
What is 1 + 4 + 13 + -13 + (-19 - -8)?
-6
Evaluate 4 + 0 + (-74 - -63) + 3.
-4
Evaluate -154 + 136 + 8 + -16.
-26
Calculate -22 + 35 - -15 - 24.
4
-2 + 3 + -2 - (9 - 6 - -10)
-14
What is the value of 3 - ((1 - 4) + 13 + 2)?
-9
Evaluate -13 + (12 - 17) - (-5 + -4 + 9).
-18
Calculate (9 - (-1 - -2)) + (48 - (21 + 17)).
18
Calculate -24 + (0 - (-25 + 18)).
-17
Evaluate (3 - ((1 - 4) + 10)) + 48 + -41.
3
-2 + (9 - (2 - -1)) - (15 + -2)
-9
(2 - 4) + -3 + -5
-10
What is -34 + (11 - (-2 + 13)) - (0 - 9)?
-25
Evaluate (5 - (-17 - -19)) + (2 + -3 - 0).
2
Calculate 14 + -4 + -21 - -23.
12
Evaluate (17 - 3) + 3 + 3 + (0 - 4).
16
Calculate 7 + (13 - (-5 + 5 - (-9 - -2))).
13
Calculate 3 + (-18 - (-6 - 10)).
1
Evaluate 8 + -21 - ((1 - -4) + -10).
-8
-2 + (-2 + -6 - -3) + 6
-1
Calculate 4 + 20 + -11 + -3.
10
(-10 - 5) + 13 - 0 - (-1 - 4)
3
What is the value of (20 - 0) + 282 + -317?
-15
Calculate -20 - (-11 - 3 - -7).
-13
(43 - 11 - 8) + -3 + -5
16
What is -12 - (-11 + (-11 - (-13 + 4)))?
1
Evaluate -17 - -5 - (-58 + 66).
-20
Evaluate -36 + -9 - (-75 - -54).
-24
What is ((-11 - -8) + -1 - -11) + -7 - -7?
7
What is the value of (1 - 43) + (-1380 - -1458)?
36
What is the value of 5 - 0 - 8 - 7?
-10
(-5 - -7) + -39 + (69 - 63)
-31
Calculate (1 + 16 - 12) + -12.
-7
What is the value of -3 + -51 + 14 + 26?
-14
Evaluate (-20 - -31 - (4 + -1)) + -24.
-16
What is -8 + 10 - (10 + -5 + -6 + 2)?
1
Calculate -9 + (-4 + -12 - -32).
7
What is 17 + -14 + 9 - 5?
7
Calculate -14 + 1 + 1 + 99 + -93.
-6
What is 6 + (4 + -1 - (4 - 1)) + 10?
16
(-18 - (-12 + -18) - 18) + -12
-18
What is 2 + -1 + (2 - (-6 - -6 - -11))?
-8
What is the value of 80 + -82 - (15 + -1) - -17?
1
What is the value of 14 + 9 + -32 + 17?
8
Evaluate 30 + 32 + (-22 - 15).
25
Evaluate (-7 + 7 - -12) + -15.
-3
Evaluate 2 + -10 + 27 + (-1 - 2 - 0).
16
Calculate (2 - (-6 - -3)) + (6 + -3 - -2).
10
What is the value of -5 + 24 + 1 + (43 - 45) + -1?
17
What is -21 + (14 - 23) - -44?
14
What is the value of 14 + (11 - -5 - 36)?
-6
1 + -3 - (15 - 28)
11
Calculate -12 - (-1 + -4 - (-5 + 1)).
-11
10 + -9 - -13 - 2
12
16 - 47 - -15 - (6 + 1)
-23
Evaluate (4 - (11 + -13)) + -15.
-9
What is (23 - 2) + (-118 - -94)?
-3
19 - (-30 + 24 - -17)
8
-29 - (-5 - -8 - 18)
-14
What is the value of 5 + 0 - (12 + 5)?
-12
0 + -8 + (3 - 0) - (-1 - 4)
0
Calculate 5 - 6 - (10 + (0 - 5 - -4)).
-10
(-5 - (-30 - -33)) + 16
8
Calculate -2 + -9 + 2 + 6 - 10.
-13
Evaluate (4 - 9 - -1 - -8) + -1.
3
-16 + (17 - -3) - (-7 + (3 - 0))
8
(-9 - -11) + 6 + (-23 - -10) - 29
-34
-11 + (16 + -10 + (-8 - -9) - 2)
-6
What is 31 + 44 + -17 + -10 + -17?
31
Evaluate -17 + -2 - (-9 + (4 - 1)).
-13
Evaluate 6 + 10 + (-7 - (7 - 6)).
8
What is 4 + (14 - (2 - -10) - 8)?
-2
What is the value of 6 - (-6 - -11) - 8?
-7
Calculate -47 + 23 + 7 + -6.
-23
What is -3 - 1 - (-11 - ((-5 - 7) + 6))?
1
Calculate (-13 - 13) + 0 + (-6 - -10) + -4.
-26
What is the value of -4 - -1 - ((-13 + 30 - 10) + 3)?
-13
Calculate 7 - -4 - (-3 + 8) - (1 + -12).
17
Evaluate 10 - (-11 + -7 + 25).
3
What is 6 - ((-4 - -1) + 5 + 6)?
-2
What is 1 + 5 + (22 - 19)?
9
Evaluate 2 + -12 - (5 - (-5 - (-4 - -9))).
-25
Calculate 10 + 10 + (-4 + 4 - 21).
-1
-1 + 20 - (169 + -140)
-10
What is the value of (-37 - -33) + (6 - (-1 - 1))?
4
What is (3 - -1) + (-60 - (-50 + -11))?
5
What is the value of 6 + (10 - (8 - -11)) + 3?
0
Calculate 260 + -272 - (-17 - (-2 - 0)).
3
What is (-2 + -7 - -10) + (-6 - -3) - -4?
2
Calculate (-73 - -70) + (2 - 2 - (10 + 0)).
-13
Evaluate -9 + 10 + -11 - (-1 - 4).
-5
What is the value of (-6 - 8) + (4 - (-8 + 7))?
-9
Evaluate -13 - (23 + (-2 - -16 - 22)).
-28
Calculate -1 - 53 - (104 - 110) - -17.
-31
What is (0 + 27 - (1 - -3)) + -10?
13
(-4 + (6 - -4) - 8) + 16
14
What is -7 + (19 - 8) + -1 + 12?
15
Evaluate -52 + 45 - (0 + -4).
-3
What is 2 + 0 + -1 + -8 + -1 - 1?
-9
Calculate 35 - ((13 - 0) + (329 - 329)).
22
What is the value of -40 - (-16 + (-17 - -25))?
-32
Evaluate -10 - 0 - (-14 - -29 - 17) - -7.
-1
What is 32 + (-39 - (-2 + -22))?
17
Evaluate (-14 - (-16 - -29)) + 18 - (5 + 0).
-14
Calculate -5 + (-14 - (-7 - 8)).
-4
Calculate 12 + -2 - (-11 - (6 + (6 - 20))).
13
What is the value of 0 - 0 - 0 - (